9?
1
What is the ten thousands digit of 1662097?
6
What is the units digit of 3582245?
5
What is the millions digit of 6981931?
6
What is the tens digit of 358798?
9
What is the thousands digit of 1574135?
4
What is the units digit of 6890593?
3
What is the ten thousands digit of 5298707?
9
What is the units digit of 4029250?
0
What is the units digit of 4461667?
7
What is the tens digit of 119334?
3
What is the ten thousands digit of 1411164?
1
What is the ten thousands digit of 10745882?
4
What is the hundred thousands digit of 5851704?
8
What is the ten thousands digit of 7079354?
7
What is the thousands digit of 2993412?
3
What is the ten thousands digit of 75464?
7
What is the units digit of 8228732?
2
What is the hundreds digit of 2926439?
4
What is the hundred thousands digit of 2487841?
4
What is the ten thousands digit of 1150442?
5
What is the thousands digit of 4846701?
6
What is the ten thousands digit of 207761?
0
What is the hundreds digit of 9930022?
0
What is the hundreds digit of 5857351?
3
What is the millions digit of 14738656?
4
What is the ten millions digit of 13349629?
1
What is the units digit of 304095?
5
What is the tens digit of 87758?
5
What is the ten thousands digit of 136627?
3
What is the hundreds digit of 5030608?
6
What is the thousands digit of 31950?
1
What is the thousands digit of 221725?
1
What is the hundred thousands digit of 5650284?
6
What is the tens digit of 2639512?
1
What is the thousands digit of 76102?
6
What is the tens digit of 9398784?
8
What is the thousands digit of 223852?
3
What is the units digit of 232504?
4
What is the thousands digit of 30584?
0
What is the hundreds digit of 9622038?
0
What is the thousands digit of 34922?
4
What is the thousands digit of 756632?
6
What is the hundred thousands digit of 5737956?
7
What is the hundred thousands digit of 271893?
2
What is the hundreds digit of 2720696?
6
What is the hundreds digit of 208916?
9
What is the thousands digit of 2030246?
0
What is the hundreds digit of 740478?
4
What is the ten thousands digit of 351425?
5
What is the hundreds digit of 1078788?
7
What is the ten thousands digit of 130780?
3
What is the hundreds digit of 12383753?
7
What is the units digit of 2087232?
2
What is the ten thousands digit of 92098?
9
What is the hundred thousands digit of 17971491?
9
What is the thousands digit of 9400196?
0
What is the hundred thousands digit of 132124?
1
What is the units digit of 1569475?
5
What is the thousands digit of 8556052?
6
What is the tens digit of 166191?
9
What is the hundreds digit of 2165948?
9
What is the hundreds digit of 405122?
1
What is the ten thousands digit of 12401481?
0
What is the hundred thousands digit of 2222183?
2
What is the ten thousands digit of 343867?
4
What is the hundreds digit of 613803?
8
What is the ten thousands digit of 539006?
3
What is the ten thousands digit of 281904?
8
What is the hundred thousands digit of 182118?
1
What is the thousands digit of 211631?
1
What is the hundred thousands digit of 120319?
1
What is the hundred thousands digit of 13813821?
8
What is the millions digit of 1589914?
1
What is the tens digit of 128963?
6
What is the units digit of 575186?
6
What is the ten thousands digit of 1657825?
5
What is the tens digit of 6978856?
5
What is the millions digit of 30141678?
0
What is the hundred thousands digit of 177412?
1
What is the ten thousands digit of 33246656?
4
What is the millions digit of 3986754?
3
What is the millions digit of 17282557?
7
What is the millions digit of 2833370?
2
What is the units digit of 6685531?
1
What is the thousands digit of 1494159?
4
What is the tens digit of 2121045?
4
What is the ten thousands digit of 174565?
7
What is the tens digit of 15700998?
9
What is the ten thousands digit of 4670717?
7
What is the thousands digit of 3049099?
9
What is the tens digit of 34135?
3
What is the thousands digit of 1377107?
7
What is the units digit of 990082?
2
What is the tens digit of 13640649?
4
What is the millions digit of 10454280?
0
What is the hundred thousands digit of 273173?
2
What is the hundred thousands digit of 677570?
6
What is the thousands digit of 77710?
7
What is the ten thousands digit of 473328?
7
What is the hundreds digit of 20933413?
4
What is the units digit of 1816965?
5
What is the hundreds digit of 8031644?
6
What is the tens digit of 126669?
6
What is the hundreds digit of 39573?
5
What is the tens digit of 7825486?
8
What is the hundreds digit of 133295?
2
What is the hundreds digit of 1520633?
6
What is the units digit of 266896?
6
What is the hundreds digit of 14252?
2
What is the hundreds digit of 256076?
0
What is the tens digit of 22652064?
6
What is the units digit of 182536?
6
What is the hundreds digit of 211443?
4
What is the ten thousands digit of 293867?
9
What is the tens digit of 195172?
7
What is the hundreds digit of 19878315?
3
What is the tens digit of 87353?
5
What is the millions digit of 1317761?
1
What is the ten thousands digit of 5770554?
7
What is the hundred thousands digit of 4831739?
8
What is the units digit of 150942?
2
What is the units digit of 10092?
2
What is the thousands digit of 21572472?
2
What is the ten thousands digit of 5106095?
0
What is the millions digit of 2078651?
2
What is the millions digit of 9992992?
9
What is the hundred thousands digit of 27031138?
0
What is the units digit of 20045?
5
What is the hundred thousands digit of 218548?
2
What is the units digit of 469758?
8
What is the tens digit of 1000938?
3
What is the thousands digit of 13521672?
1
What is the units digit of 440896?
6
What is the thousands digit of 49701?
9
What is the millions digit of 18864880?
8
What is the units digit of 17458318?
8
What is the tens digit of 847186?
8
What is the hundred thousands digit of 1975768?
9
What is the thousands digit of 67383?
7
What is the thousands digit of 218205?
8
What is the ten thousands digit of 8983443?
8
What is the thousands digit of 144959?
4
What is the hundred thousands digit of 2062380?
0
What is the ten thousands digit of 19828969?
2
What is the thousands digit of 626776?
6
What is the hundred thousands digit of 957544?
9
What is the thousands digit of 2755379?
5
What is the hundreds digit of 23820805?
8
What is the units digit of 491773?
3
What is the tens digit of 2806747?
4
What is the thousands digit of 229837?
9
What is the hundreds digit of 491862?
8
What is the hundreds digit of 4369205?
2
What is the hundreds digit of 30358182?
1
What is the units digit of 290393?
3
What is the hundreds digit of 65322?
3
What is the units digit of 11758834?
4
What is the hundreds digit of 87235?
2
What is the thousands digit of 3893469?
3
What is the tens digit of 835?
3
What is the thousands digit of 4597270?
7
What is the ten thousands digit of 59949?
5
What is the ten thousands digit of 621746?
2
What is the hundreds digit of 2641135?
1
What is the hundred thousands digit of 2069609?
0
What is the hundred thousands digit of 729447?
7
What is the hundreds digit of 467208?
2
What is the thousands digit of 12156731?
6
What is the ten thousands digit of 880251?
8
What is the tens digit of 43179573?
7
What is the units digit of 870110?
0
What is the tens digit of 6862157?
5
What is the hundred thousands digit of 123293?
1
What is the tens digit of 1308998?
9
What is the units digit of 689079?
9
What is the ten thousands digit of 100043?
0
What is the ten thousands digit of 455681?
5
What is the thousands digit of 718989?
8
What is the ten millions digit of 29678755?
2
What is the units digit of 26442979?
9
What is the tens digit of 108843?
4
What is the hundreds digit of 248856?
8
What is the hundreds digit of 268784?
7
What is the thousands digit of 8324949?
4
What is the ten thousands digit of 691361?
9
What is the ten thousands digit of 303012?
0
What is the thousands digit of 1277847?
7
What is the thousands digit of 133585?
3
What is the tens digit of 783663?
6
What is the units digit of 2944828?
8
What is the millions digit of 1258321?
1
What is the hundreds digit of 5136909?
9
What is the hundreds digit of 2857998?
9
What is the thousands digit of 988116?
8
What is the millions digit of 11083021?
1
What is the tens digit of 42619?
1
What is the ten